e factors of a?
7
Suppose 4 = 2*y - 48. Suppose 3*b - 2*b = 2, j - y = 5*b. What are the prime factors of j?
2, 3
What are the prime factors of 4/18 - (-3110)/18?
173
Let o be (-3 + 5 - 2) + 3. List the prime factors of (o + 0)*(-120)/(-18).
2, 5
Suppose -3*b - 3*j - 2*j = -17, b + 2*j - 6 = 0. Suppose 4*l - 20 = -2*z + 3*z, 28 = b*l - 3*z. What are the prime factors of l?
2
List the prime factors of 10/(-3)*42/(-4).
5, 7
Let m be 5/((-10)/(-8)) - 1. Let l(n) = m*n**2 + 1 + 3 + 0 - n**3. List the prime factors of l(3).
2
Suppose 3*d - 2*d = 24. List the prime factors of d.
2, 3
Let o = 183 - 76. What are the prime factors of o?
107
Let v(l) = 8*l**2 + 4 + 4*l - l**2 + l**3 - 5. Let g be v(-7). Let t = -18 - g. List the prime factors of t.
11
Let c(y) = -y**2 + y + 8. Let a(r) = -r**2 + 7. Let m(f) = -4*a(f) + 3*c(f). List the prime factors of m(-5).
2, 3
What are the prime factors of ((-3)/(-2))/(7/294)?
3, 7
Suppose -a - 134 = -4*o + 2*a, 27 = o - 4*a. What are the prime factors of o?
5, 7
What are the prime factors of (33/(-9))/(2/(-18))?
3, 11
Let y = 232 - 86. List the prime factors of y.
2, 73
What are the prime factors of 3 - (-8 + 5 - 85)?
7, 13
Let i = -1 + 3. Suppose -4*y - 2*d + 26 = 0, 0 = 4*d + 6 - i. Let p(l) = l + 4. What are the prime factors of p(y)?
11
Suppose 0 = h, -6 - 6 = -4*v - 3*h. Suppose 3*a - v*z - 53 - 49 = 0, 3*z = -5*a + 154. List the prime factors of a.
2
Let v(n) = 8*n**2 - 61*n + 7. What are the prime factors of v(10)?
197
Suppose -y - 3*h = -3, 5*y + 5*h - 9 = 6. What are the prime factors of y?
3
Suppose -6*b = -b - 65. Suppose b = -4*w + 49. Let d = -7 + w. What are the prime factors of d?
2
Let z = -30 + 157. What are the prime factors of z?
127
Let a = 17 - 15. List the prime factors of a.
2
Suppose q = -3*c + 318, c + 6*q - 120 = q. List the prime factors of c.
3, 5, 7
Let d = 16 - -23. What are the prime factors of d?
3, 13
Suppose -23 = 2*p - 3*p + 5*w, -w - 16 = -4*p. What are the prime factors of p?
3
Suppose -3*g = r + 2*g + 16, 0 = 3*g + 12. Let j = -3 + r. Let l(z) = 2*z**2 + 1. What are the prime factors of l(j)?
3
Let p = -5 - -9. Suppose -p*k = -k - 36. What are the prime factors of k?
2, 3
Suppose -4*i + 105 + 991 = 0. List the prime factors of i.
2, 137
Let j = -369 - -560. What are the prime factors of j?
191
Let c(o) be the second derivative of -3*o**5/20 - o**4/12 + o**2/2 - 9*o. What are the prime factors of c(-2)?
3, 7
Suppose -2*z = -5*z - 54. Let f = z + 29. What are the prime factors of f?
11
Let u(l) = -9*l + 8. List the prime factors of u(-4).
2, 11
Let b be (-3)/(2*1/(-2)). List the prime factors of 2 - (-5 + 2) - b.
2
Suppose 3*a = -3*u + 30, 45 = 4*a + 3*u - 4*u. What are the prime factors of a + 0 - (2 + 0)?
3
Let z = 15 + 89. What are the prime factors of z?
2, 13
Suppose 0 = -5*i - 0*i + 2*t + 38, i - 2*t = 6. Let f(a) = -4 - i*a + 0 + 3*a. List the prime factors of f(-3).
11
Suppose 4*g - 558 = 3*o + 589, 3*o - 1117 = -4*g. List the prime factors of g.
283
Suppose -2*q + 6 = -0*q. Suppose -4*z - 5*r + 48 = 0, 5*z - r - 77 = -q*r. What are the prime factors of z?
17
List the prime factors of (-86)/((1/(-5))/(24/60)).
2, 43
Suppose 0*f - 10 = 2*f, w + 3*f = -9. Let a = w + 2. What are the prime factors of a?
2
List the prime factors of (-3 - -6)/(-3) + 21.
2, 5
Let u be (27/4)/(6/80). Suppose -2*y - 26 = -u. What are the prime factors of y?
2
Let u be (1 - 0) + -2 - -58. Let m = u + -35. List the prime factors of m.
2, 11
Suppose -13*q + 318 = 84. What are the prime factors of q?
2, 3
Let m = 88 - 16. List the prime factors of m.
2, 3
Let c(l) = l + 4. Let j be c(-4). Suppose 0 = n + v + 2*v + 42, 0 = -2*n + 4*v - 74. List the prime factors of 1/((-3)/n - j).
13
Suppose -10*h = -11*h + 14. List the prime factors of h.
2, 7
Let f(q) = -46*q - 31. What are the prime factors of f(-6)?
5, 7
Let g be 0 - 1*(-4 - -2). Suppose 0 = g*z - z - 3. Suppose 33 = 5*a + z*p, 7 = -a - 5*p + p. List the prime factors of a.
3
Let m(w) = w**2 - 4*w. Let r be m(6). Let c = r - 10. List the prime factors of c.
2
Let m be ((-4)/(-5))/1*-10. Let k = -6 - m. Suppose -4*t + 4 = w - k*w, -3*w - 3*t + 48 = 0. What are the prime factors of w?
2, 3
Let d(z) = z**2 + 3*z + 2. Let u(l) = -l - 1. Let b(f) = d(f) + 3*u(f). Let n be b(-2). Let j = 14 - n. List the prime factors of j.
11
Let p = -5 - -19. List the prime factors of p - 1/(-2)*-8.
2, 5
Let k(c) = 10*c - 4. List the prime factors of k(6).
2, 7
Let r(m) be the second derivative of -m**4/12 + m**3/6 + 7*m**2/2 - m. List the prime factors of r(0).
7
Let v = 383 + -206. List the prime factors of v.
3, 59
Suppose 7*q - 370 = 2*q. Suppose 3*c = c + v + 47, 0 = 3*c - 5*v - q. What are the prime factors of c + 2/((-6)/3)?
2, 11
Suppose -2*y + u + 12 = 0, 2*u + 3 = 7. List the prime factors of y.
7
Suppose -6*j + 3*j = -15. Suppose 0 = j*o + 4*n - 73, -2*o + 32 = 5*n - 2*n. List the prime factors of o.
13
Suppose 35 - 9 = 2*q. Suppose 2*a = 13 + q. What are the prime factors of a?
13
Let k(p) = p**2 - 4*p - 3. Suppose 5 = -4*c - 7. Let o be (-1 - c)/((-4)/(-10)). What are the prime factors of k(o)?
2
Let v(f) = f**2 + 14*f - 38. List the prime factors of v(-19).
3, 19
Suppose s - 3*r + 417 = 5*s, -111 = -s - 3*r. Let d be s/(-14) + (-2)/(-7). Let j(c) = -2*c - 7. List the prime factors of j(d).
7
Let m(v) be the first derivative of -v**2/2 + v - 4. What are the prime factors of m(-1)?
2
Let f = -3 - -7. Suppose -2*y = -2*w - 3*w - 36, -4*w + 100 = 3*y. Suppose -y = -m + 4*i - 0*i, f*m - 49 = -5*i. What are the prime factors of m?
2
Let z(m) = m - 1. Suppose -3*v + 15 = 3. What are the prime factors of z(v)?
3
Suppose 27*c - 22*c - 1655 = 0. What are the prime factors of c?
331
Let z = -23 + 15. Let x = 16 + z. What are the prime factors of x?
2
Let b be (1 - (0 - -1))/2. Suppose b = v + 5*z - 42, 0 = -3*v - 0*v + 4*z + 88. What are the prime factors of v?
2
Suppose 4*k + l - 17 = 0, 3*k - 4*k + 18 = 3*l. Suppose 0 = 5*v + 2*w + 1, -w - k*w - 11 = v. Let n = 3 - v. What are the prime factors of n?
2
Let y(p) = p**2 - 5*p. Let m be y(5). Suppose q - r - 14 = 0, m = 5*q - 0*q + r - 64. What are the prime factors of q?
13
Suppose 0 = b - 6*b - 5*m, -4*b - m = -6. Suppose q - 4*p = -0*q - b, -p - 52 = -4*q. What are the prime factors of q?
2, 7
Suppose 0 = 4*u - 5*x + 37, -1 = -3*u - 3*x + x. Let n(y) = y**2 - 4*y - 2. List the prime factors of n(u).
19
Let x(w) = 3*w**3 - 8*w**2 - 7*w - 8. Let j(n) = 2*n**3 - 8*n**2 - 7*n - 7. Let a(i) = -4*j(i) + 3*x(i). Let v = -8 + 1. What are the prime factors of a(v)?
2
Let k = -54 + 77. Let b = 37 - k. List the prime factors of b.
2, 7
Let p = 4 + 5. Let i(k) = -k**2 + 9*k + 12. List the prime factors of i(p).
2, 3
Let u = -25 - -46. What are the prime factors of u?
3, 7
Let n(z) = -z + 2. Let h be n(8). Let r = -8 - h. Let j = 14 - r. List the prime factors of j.
2
Let x(a) = 8*a**2 - 2. Suppose 4*l = 5*l + 2. List the prime factors of x(l).
2, 3, 5
Let s = 1 - 0. List the prime factors of s*(78/3)/2.
13
List the prime factors of 1880/52 - 2/13.
2, 3
Suppose 0*m + m = -4. Let s(u) = -u**3 - 5*u**2 - 5*u. Let z be s(m). Suppose -z*w + 2 = -6. List the prime factors of w.
2
Let q = -38 - -56. Let y = q + -3. Let d = 21 - y. What are the prime factors of d?
2, 3
Let i(l) = 6*l**2 + 5*l - 29. List the prime factors of i(5).
2, 73
Let u(a) = a**3 - 5*a**2 - 5*a + 2. Let x be u(6). Let j = x + -6. What are the prime factors of j?
2
Let y(d) = -d + 1. Suppose -3 = -4*m + 9. Let n = 2 - m. List the prime factors of y(n).
2
Let z(r) be the second derivative of -13*r**3/6 + r**2/2 - 3*r. Let q be z(-4). Suppose 0*w = 3*w + 2*a - q, -55 = -5*w + 5*a. List the prime factors of w.
3, 5
Suppose 0*h = 4*h. Suppose -4*d = -h - 8. Suppose 0 = d*w - 5*w + 24. List the prime factors of w.
2
Let f(n) = -n**2 - 8*n - 4. Let v = 4 - 10. List the prime factors of f(v).
2
Suppose h - 2*b - 24 = 0, -5*h + 92 = 2*b - 5*b. Let d = -9 + h. List the prime factors of d.
7
Let n = 32 - 12. List the prime factors of n.
2, 5
Let r = 8 + -5. Let g be 4/3*-1*r. What are the prime factors of 52/9 + g/(-18)?
2, 3
Suppose 0 = 3*h - 3, 3*z = z - h + 27. What are the prime factors of z?
13
Let t = 10 - 62. Let w = -9 - t. What are the prime factors of w?
43